{"id":17198,"date":"2025-08-19T16:30:18","date_gmt":"2025-08-19T14:30:18","guid":{"rendered":"https:\/\/sandefjord.katolsk.no\/?page_id=17198"},"modified":"2026-02-25T13:53:56","modified_gmt":"2026-02-25T12:53:56","slug":"oppdaterte-messetider","status":"publish","type":"page","link":"https:\/\/sandefjord.katolsk.no\/?page_id=17198","title":{"rendered":"Oppdaterte messetider"},"content":{"rendered":"\n<p><strong>MESSER FREDAG 27.-L\u00d8RDAG 28. FEBRUAR OG S\u00d8NDAG 1 MARS 2026<\/strong><\/p>\n\n\n\n<p><strong>S\u00f8ndag 11.30 &#8211; Barnemesse. Etterp\u00e5: Konfirmanter og alle interesserte velkommen til menighetssalen<\/strong><\/p>\n\n\n\n<p><strong>Fredag 27. februar 2026<\/strong><\/p>\n\n\n\n<p>Kl. 10.00 \u2013 Messe og sakramentsandakt<\/p>\n\n\n\n<p>Kl. 18.00 \u2013 Korsvei<\/p>\n\n\n\n<p>Kl. 18.00 \u2013 Ungdomstreff (frem til til 20.00)<br>Kl. 18.30 \u2013 begynner polsk (fasteretrett) faste-rekollecja (med anledning til skriftem\u00e5l) (kontakt p. Dolindo for mer info dolindo.turek@katolsk.no )  <\/p>\n\n\n\n<p><strong>L\u00f8rdag 28. februar 2026<\/strong><\/p>\n\n\n\n<p>Kl. 15.30 \u2013 Messe p\u00e5 ge&#8217;ez (eriteisk abba Amanuel Meconnen) <\/p>\n\n\n\n<p>Kl. 18.00 \u2013 S\u00f8ndagens messe (faste ledd p\u00e5 latin!)<\/p>\n\n\n\n<p><strong>S\u00f8ndag 1. mars 2026<\/strong><\/p>\n\n\n\n<p>Kl. 10.00 \u2013 Messe p\u00e5 engelsk (Fader Godwin Adahada)<\/p>\n\n\n\n<p>Kl. 11.30 \u2013 Norsk h\u00f8ymesse &#8211;<strong>Barnemesse<\/strong><\/p>\n\n\n\n<p><strong>&#8212; Mellom messene i menighetssalen holdes det foredrag av Caritas Norges styreleder Peter Kuran for Konfirmanter, og alle interesserte (se nederst)<\/strong><\/p>\n\n\n\n<p>Kl. 14.30 \u2013 Messe p\u00e5 polsk<\/p>\n\n\n\n<p><strong>VIPPS 11567<\/strong><\/p>\n\n\n\n<p><\/p>\n\n\n\n<p><\/p>\n\n\n\n<p><strong>KONFIRMANTER &#8211; MEN \u00c5PENT FOR ALLE INTERESSERTE;<\/strong><\/p>\n\n\n\n<p><strong>I tiden mellom norsk og polsk messe p\u00e5 s\u00f8ndag, dvs 12.30-14.30:<\/strong><\/p>\n\n\n\n<p><strong>Som i fjor kommer Caritas Norges styreleder Peter Kuran (Fredrikstas, katekesel\u00e6rer der), denne &laquo;v\u00e5ren&raquo; med to temaer. Kirkens karitative innsats knyttet til Caritas bl.a. om et ferskt prosjektbes\u00f8k til Honduras, &#8230;<\/strong><\/p>\n\n\n\n<p><strong>og -(som i fjor:) om Polens lidelser under 2. verdenskrig, tyske konsentrasjonsleirer, hans polske fars fangenskap i hjemlandet i leirer, og som tvangsarbeider i Norge &#8211; som ble hans nye hjemland etter krigen, Peters eget virke som &laquo;tidsvitne&raquo; for norske skoleklasser som bes\u00f8ker Auschwitz.<\/strong><\/p>\n\n\n\n<p><\/p>\n","protected":false},"excerpt":{"rendered":"<p>MESSER FREDAG 27.-L\u00d8RDAG 28. FEBRUAR OG S\u00d8NDAG 1 MARS 2026 S\u00f8ndag 11.30 &#8211; Barnemesse. Etterp\u00e5: Konfirmanter og alle interesserte velkommen til menighetssalen Fredag 27. februar 2026 Kl. 10.00 \u2013 Messe og sakramentsandakt Kl. 18.00 \u2013 Korsvei Kl. 18.00 \u2013 Ungdomstreff &hellip; <a href=\"https:\/\/sandefjord.katolsk.no\/?page_id=17198\">Les videre <span class=\"meta-nav\">&rarr;<\/span><\/a><\/p>\n","protected":false},"author":9,"featured_media":0,"parent":17107,"menu_order":0,"comment_status":"closed","ping_status":"closed","template":"","meta":{"footnotes":""},"class_list":["post-17198","page","type-page","status-publish","hentry"],"_links":{"self":[{"href":"https:\/\/sandefjord.katolsk.no\/index.php?rest_route=\/wp\/v2\/pages\/17198","targetHints":{"allow":["GET"]}}],"collection":[{"href":"https:\/\/sandefjord.katolsk.no\/index.php?rest_route=\/wp\/v2\/pages"}],"about":[{"href":"https:\/\/sandefjord.katolsk.no\/index.php?rest_route=\/wp\/v2\/types\/page"}],"author":[{"embeddable":true,"href":"https:\/\/sandefjord.katolsk.no\/index.php?rest_route=\/wp\/v2\/users\/9"}],"replies":[{"embeddable":true,"href":"https:\/\/sandefjord.katolsk.no\/index.php?rest_route=%2Fwp%2Fv2%2Fcomments&post=17198"}],"version-history":[{"count":10,"href":"https:\/\/sandefjord.katolsk.no\/index.php?rest_route=\/wp\/v2\/pages\/17198\/revisions"}],"predecessor-version":[{"id":17275,"href":"https:\/\/sandefjord.katolsk.no\/index.php?rest_route=\/wp\/v2\/pages\/17198\/revisions\/17275"}],"up":[{"embeddable":true,"href":"https:\/\/sandefjord.katolsk.no\/index.php?rest_route=\/wp\/v2\/pages\/17107"}],"wp:attachment":[{"href":"https:\/\/sandefjord.katolsk.no\/index.php?rest_route=%2Fwp%2Fv2%2Fmedia&parent=17198"}],"curies":[{"name":"wp","href":"https:\/\/api.w.org\/{rel}","templated":true}]}}

<p><strong>MESSER FREDAG 27.-LØRDAG 28. FEBRUAR OG SØNDAG 1 MARS 2026</strong></p>



<p><strong>Søndag 11.30 &#8211; Barnemesse. Etterpå: Konfirmanter og alle interesserte velkommen til menighetssalen</strong></p>



<p><strong>Fredag 27. februar 2026</strong></p>



<p>Kl. 10.00 – Messe og sakramentsandakt</p>



<p>Kl. 18.00 – Korsvei</p>



<p>Kl. 18.00 – Ungdomstreff (frem til til 20.00)<br>Kl. 18.30 – begynner polsk (fasteretrett) faste-rekollecja (med anledning til skriftemål) (kontakt p. Dolindo for mer info dolindo.turek@katolsk.no )  </p>



<p><strong>Lørdag 28. februar 2026</strong></p>



<p>Kl. 15.30 – Messe på ge&#8217;ez (eriteisk abba Amanuel Meconnen) </p>



<p>Kl. 18.00 – Søndagens messe (faste ledd på latin!)</p>



<p><strong>Søndag 1. mars 2026</strong></p>



<p>Kl. 10.00 – Messe på engelsk (Fader Godwin Adahada)</p>



<p>Kl. 11.30 – Norsk høymesse &#8211;<strong>Barnemesse</strong></p>



<p><strong>&#8212; Mellom messene i menighetssalen holdes det foredrag av Caritas Norges styreleder Peter Kuran for Konfirmanter, og alle interesserte (se nederst)</strong></p>



<p>Kl. 14.30 – Messe på polsk</p>



<p><strong>VIPPS 11567</strong></p>



<p></p>



<p></p>



<p><strong>KONFIRMANTER &#8211; MEN ÅPENT FOR ALLE INTERESSERTE;</strong></p>



<p><strong>I tiden mellom norsk og polsk messe på søndag, dvs 12.30-14.30:</strong></p>



<p><strong>Som i fjor kommer Caritas Norges styreleder Peter Kuran (Fredrikstas, katekeselærer der), denne &laquo;våren&raquo; med to temaer. Kirkens karitative innsats knyttet til Caritas bl.a. om et ferskt prosjektbesøk til Honduras, &#8230;</strong></p>



<p><strong>og -(som i fjor:) om Polens lidelser under 2. verdenskrig, tyske konsentrasjonsleirer, hans polske fars fangenskap i hjemlandet i leirer, og som tvangsarbeider i Norge &#8211; som ble hans nye hjemland etter krigen, Peters eget virke som &laquo;tidsvitne&raquo; for norske skoleklasser som besøker Auschwitz.</strong></p>



<p></p>

<p>MESSER FREDAG 27.-LØRDAG 28. FEBRUAR OG SØNDAG 1 MARS 2026 Søndag 11.30 &#8211; Barnemesse. Etterpå: Konfirmanter og alle interesserte velkommen til menighetssalen Fredag 27. februar 2026 Kl. 10.00 – Messe og sakramentsandakt Kl. 18.00 – Korsvei Kl. 18.00 – Ungdomstreff &hellip; <a href="https://sandefjord.katolsk.no/?page_id=17198">Les videre <span class="meta-nav">&rarr;</span></a></p>
