{"id":17267,"date":"2026-02-25T13:36:19","date_gmt":"2026-02-25T12:36:19","guid":{"rendered":"https:\/\/sandefjord.katolsk.no\/?page_id=17267"},"modified":"2026-02-25T13:37:24","modified_gmt":"2026-02-25T12:37:24","slug":"historie","status":"publish","type":"page","link":"https:\/\/sandefjord.katolsk.no\/?page_id=17267","title":{"rendered":"Historie"},"content":{"rendered":"\n<!--nextpage-->\n\n\n\n<p><strong>Generelt om kirkebyggets og menighetens historie <\/strong><\/p>\n\n\n\n<p>St. Johannes D\u00f8perens katolske kirke er&nbsp;tegnet av arkitekt Haldor Larsen B\u00f8rve. Bygget ble reist mellom 1916-1918 i jugendstil av metodistene, og ble innviet 5.mars 1918.  Den var byens metodistkirke i 90 \u00e5r, men ble solgt til den katolske kirke i 2008. Menigheten ble opprettet den 24. juni 2010, som ogs\u00e5 er festdagen til Den hellige Johannes D\u00f8peren (24.juni). (les mer om Den hellige Johannes d\u00f8peren her: <a href=\"https:\/\/www.katolsk.no\/biografier\/historisk\/doeperen\">https:\/\/www.katolsk.no\/biografier\/historisk\/doeperen<\/a> ) <\/p>\n\n\n\n<p>Menigheten omfatter hele Sandefjord Kommune med Areal p\u00e5 421 km2,  etter grenseendringer 24.juni 2018. <\/p>\n\n\n\n<p>Kirken mottok i 2013 Foreningen Gamle Sandefjords bevaringspris for restaureringen av den flotte jugendbygningen.<\/p>\n\n\n\n<p>B\u00e5de kirkens interi\u00f8r og eksteri\u00f8r er vernet.<\/p>\n\n\n\n<p>Kirken har mellom 140 og 150 sitteplasser. Underetasjen inneholder i tillegg en menighetssal.<\/p>\n\n\n\n<p>Kirken holdes \u00e5pent for allmennheten kun p\u00e5 s\u00f8ndager ved kirkens ukentlige messefeiringer. Andre tider m\u00e5 dette s\u00e6rskilt avtales med kirkens sogneprest \/ sekret\u00e6r. <\/p>\n\n\n\n<p><\/p>\n\n\n\n<p><\/p>\n\n\n\n<p><\/p>\n\n\n\n<!--nextpage-->\n\n\n\n<p><\/p>\n\n\n\n<h1 class=\"wp-block-heading\"><strong>Rehabilitering kirkebygning<\/strong><\/h1>\n\n\n\n<p>Publisert&nbsp;<a href=\"https:\/\/sandefjord.katolsk.no\/?p=182\"><time datetime=\"2022-02-01T00:00:23+01:00\">1. februar 2022<\/time><\/a>&nbsp;av&nbsp;<a href=\"https:\/\/sandefjord.katolsk.no\/?author=2\">knut<\/a><\/p>\n\n\n\n<p><a href=\"https:\/\/sandefjord.katolsk.no\/?p=182#respond\"><\/a><\/p>\n\n\n\n<p>Siden vi overtok kirkebygningen etter metodistene i 2009 har det blitt utf\u00f8rt mange st\u00f8rre oppussings- og rehabiliterings-arbeider innvendig og utvendig.<\/p>\n\n\n\n<p>Arbeider de senere \u00e5rene:<\/p>\n\n\n\n<ul class=\"wp-block-list\">\n<li>H\u00f8sten 2021: oppussing av kirkerom og v\u00e5penhus, var stengt for bruk fra 23.august til 3.desember.<\/li>\n\n\n\n<li>Juli-september 2022: gulv og vegger i menighetssalen, etter vannlekkasje i juli 2021. Menighetssalen var utilgjengelig i over ett \u00e5r, t\u00f8rking tok lang tid . Skaden dekket av forsikring (KNIF).<\/li>\n\n\n\n<li>H\u00f8sten 2022: innvendig oppussing klokket\u00e5rn, med nytt etasjeskille og trapp.&nbsp;<\/li>\n\n\n\n<li>Juni 2023: utvendig vedlikehold av vegger\/fasader, med vask, reparasjoner og maling (10 \u00e5r siden den fullstendige utvendige rehabiliteringen i 2013).<\/li>\n\n\n\n<li>H\u00f8st 2023: trapperom, med rekkverk i riktig h\u00f8yde og ogs\u00e5 mot vegg<\/li>\n\n\n\n<li>Mai 2024: utvendig maling d\u00f8rer og vinduer<\/li>\n<\/ul>\n\n\n\n<p>Om noen \u00e5r vil det bli behov for \u00e5 gj\u00f8re noe med skiftertaket: bytte undertak og lekter, og fornye \/skifte ut en del skiferplater.&nbsp; Ved den ytre rehabiliteringen i 2013 siden ble det vurdert \u00e5 kunne utsettes.&nbsp;<\/p>\n\n\n\n<p>V\u00e5rt arbeid med kirkebygningen har tidligere blitt satt pris p\u00e5.&nbsp;&nbsp;<a href=\"http:\/\/www.gamlesandefjord.no\/\" target=\"_blank\" rel=\"noreferrer noopener\">Foreningen Gamle Sandefjord<\/a>&nbsp;\u2013 med form\u00e5l \u00e5 arbeide for bevaring av det gamle by-og bygningsmilj\u00f8et i Sandefjord \u2013 tildelte oss Bevaringsprisen for 2013 for den ytre rehabiliteringen. Se&nbsp;<a href=\"http:\/\/www.katolsk.no\/nyheter\/2014\/03\/sandefjord-bevaringspris-til-st.-johannes-katolske-kirke\" target=\"_blank\" rel=\"noreferrer noopener\">omtale&nbsp;under www.katolsk.no<\/a>&nbsp;og&nbsp;<a href=\"http:\/\/www.sb.no\/nyheter\/usedvanlig-vellykket-oppussing-1.8309850\" target=\"_blank\" rel=\"noreferrer noopener\">oppslag i Sandefjord&nbsp;Blad<\/a>.<\/p>\n\n\n\n<p>Siden 2013 har det blitt&nbsp; lagt helt ny drenering og vann\/avl\u00f8p utvendig og innvendig, kjelleretasjen er fullt rehabilitert med menighetssal, kj\u00f8kken, toaletter og undervisnings\/m\u00f8terom.&nbsp; Det er gjort brannsikringstiltak, herunder brannvarsling direkte til brannvesenet.&nbsp; Det er satt opp ny mur mot nabo i \u00f8st, og ny granittmur med smijernsgjerde mot gaten.<\/p>\n\n\n\n<p>Arbeidene hittil har kostet i underkant av 9,1mill. Vi har i to omganger f\u00e5tt bidrag fra Bonifatiuswerk i Tyskland, tilsammen 1,2 mill.&nbsp; Oslo Katolske Bisped\u00f8mme har dekket ca 2,7 mill for innvendig rehabilitering. Resten har menigheten dekket med kollekt, gaver og \u00e5rlige kirkebidrag (skattemidler fra staten som fordeles via bisped\u00f8mmet). I 2013 ble noe finansiert med bankl\u00e5n, som pr mai 2020 var nedbetalt.<\/p>\n\n\n\n<p>Alle \u00f8konomiske bidrag er sv\u00e6rt velkomne, uansett st\u00f8rrelse. Ogs\u00e5 sm\u00e5 bel\u00f8p monner!&nbsp;&nbsp; Bidrag kan sendes direkte til v\u00e5r konto 1503.10.05369, eller gjennom&nbsp;<a href=\"http:\/\/www.katolsk.no\/organisasjon\/norge\/bidrag\" target=\"_blank\" rel=\"noreferrer noopener\">ordningen for gaver til kirken med skattefradrag<\/a>, som administreres av Oslo Katolske Bisped\u00f8mme (OKB).<\/p>\n","protected":false},"excerpt":{"rendered":"<p>Generelt om kirkebyggets og menighetens historie St. Johannes D\u00f8perens katolske kirke er&nbsp;tegnet av arkitekt Haldor Larsen B\u00f8rve. Bygget ble reist mellom 1916-1918 i jugendstil av metodistene, og ble innviet 5.mars 1918. Den var byens metodistkirke i 90 \u00e5r, men ble &hellip; <a href=\"https:\/\/sandefjord.katolsk.no\/?page_id=17267\">Les videre <span class=\"meta-nav\">&rarr;<\/span><\/a><\/p>\n","protected":false},"author":9,"featured_media":0,"parent":17236,"menu_order":0,"comment_status":"closed","ping_status":"closed","template":"","meta":{"footnotes":""},"class_list":["post-17267","page","type-page","status-publish","hentry"],"_links":{"self":[{"href":"https:\/\/sandefjord.katolsk.no\/index.php?rest_route=\/wp\/v2\/pages\/17267","targetHints":{"allow":["GET"]}}],"collection":[{"href":"https:\/\/sandefjord.katolsk.no\/index.php?rest_route=\/wp\/v2\/pages"}],"about":[{"href":"https:\/\/sandefjord.katolsk.no\/index.php?rest_route=\/wp\/v2\/types\/page"}],"author":[{"embeddable":true,"href":"https:\/\/sandefjord.katolsk.no\/index.php?rest_route=\/wp\/v2\/users\/9"}],"replies":[{"embeddable":true,"href":"https:\/\/sandefjord.katolsk.no\/index.php?rest_route=%2Fwp%2Fv2%2Fcomments&post=17267"}],"version-history":[{"count":2,"href":"https:\/\/sandefjord.katolsk.no\/index.php?rest_route=\/wp\/v2\/pages\/17267\/revisions"}],"predecessor-version":[{"id":17270,"href":"https:\/\/sandefjord.katolsk.no\/index.php?rest_route=\/wp\/v2\/pages\/17267\/revisions\/17270"}],"up":[{"embeddable":true,"href":"https:\/\/sandefjord.katolsk.no\/index.php?rest_route=\/wp\/v2\/pages\/17236"}],"wp:attachment":[{"href":"https:\/\/sandefjord.katolsk.no\/index.php?rest_route=%2Fwp%2Fv2%2Fmedia&parent=17267"}],"curies":[{"name":"wp","href":"https:\/\/api.w.org\/{rel}","templated":true}]}}